{"id":58,"date":"2018-01-28T19:29:33","date_gmt":"2018-01-28T18:29:33","guid":{"rendered":"http:\/\/muriel-horrein.fr\/?page_id=58"},"modified":"2018-05-21T19:26:23","modified_gmt":"2018-05-21T17:26:23","slug":"muriel-horrein","status":"publish","type":"page","link":"https:\/\/muriel-horrein.fr\/index.php\/muriel-horrein\/","title":{"rendered":"Muriel Horrein"},"content":{"rendered":"<div>\n<p><img loading=\"lazy\" decoding=\"async\" class=\"alignnone wp-image-68 size-full\" src=\"http:\/\/muriel-horrein.fr\/wp-content\/uploads\/2018\/01\/entete-MH.jpg\" alt=\"\" width=\"858\" height=\"548\" srcset=\"https:\/\/muriel-horrein.fr\/wp-content\/uploads\/2018\/01\/entete-MH.jpg 858w, https:\/\/muriel-horrein.fr\/wp-content\/uploads\/2018\/01\/entete-MH-300x192.jpg 300w, https:\/\/muriel-horrein.fr\/wp-content\/uploads\/2018\/01\/entete-MH-768x491.jpg 768w\" sizes=\"(max-width: 858px) 100vw, 858px\" \/><\/p>\n<h2><span style=\"color: #8bacbd;\"><img loading=\"lazy\" decoding=\"async\" class=\" wp-image-121 alignleft\" src=\"http:\/\/muriel-horrein.fr\/wp-content\/uploads\/2018\/05\/Photo-MH-alone.png\" alt=\"\" width=\"129\" height=\"138\" \/><\/span><\/h2>\n<h2><span style=\"color: #8bacbd;\"><br \/>\nMa v\u00e9ritable passion,<br \/>\nla relation Homme-Cheval&#8230; <\/span><\/h2>\n<\/div>\n<div style=\"clear: both;\"><\/div>\n<div>\n<h4><\/h4>\n<h4><\/h4>\n<h4><strong>Parcours professionnel<\/strong><\/h4>\n<p><strong><span style=\"color: #8bacbd;\">Coach &amp; formatrice certifi\u00e9e \u2022 MH consulting<\/span> <\/strong><\/p>\n<\/div>\n<p>\u00c9qui-management \u2022 D\u00e9veloppement personnel<\/p>\n<p><span style=\"color: #8bacbd;\"><strong>Coach \u2022 Horse &amp; Coaching\u00ae<\/strong> <\/span><br \/>\nBilan comp\u00e9tences relationnelles<br \/>\nCommunication professionnelle :<br \/>\n\u2022 D\u00e9velopper sa pr\u00e9sence personnelle et prendre conscience de ses atouts<br \/>\n\u2022 Renforcer son autorit\u00e9 naturelle et sa confiance en soi<br \/>\n\u2022 G\u00e9rer ses \u00e9motions en s\u2019appuyant sur la communication non verbale gr\u00e2ce \u00e0 l\u2019interlocuteur cheval, r\u00e9v\u00e9lateur dde comp\u00e9tences<br \/>\nTransposition de la relation Homme-Cheval \u00e0 la relation Homme-Homme.<\/p>\n<p><strong><span style=\"color: #8bacbd;\">Direction P\u00f4le \u00c9quitation \u00ab \u00c9thologique \u00bb \u2022\u00a0<\/span><\/strong><strong><span style=\"color: #8bacbd;\">\u00c9curies Raymond Nersessian <\/span><\/strong><\/p>\n<p><span style=\"color: #8bacbd;\"><strong>Cavali\u00e8re &amp; enseignante<br \/>\n<\/strong><\/span>Form\u00e9e au Montana (USA), le pays de l\u2019homme qui murmure \u00e0 l\u2019oreille des chevaux.<\/p>\n<h4><strong>Une formation de haut niveau<\/strong><\/h4>\n<p><strong><span style=\"color: #8bacbd;\">Monitrice \u00e9quin dipl\u00f4m\u00e9e<br \/>\n<\/span>BFEE III<\/strong><br \/>\nBrevet F\u00e9d\u00e9ral d\u2019\u00c9quitation \u00c9thologique niveau 3 \u2022 passage des savoirs 1 \u00e0 5<\/p>\n<p><strong>PNH Pat Parelli Niveau III<\/strong><br \/>\nInstructeur Parelli Natural Horsemanship \u2022 Formation PNH Haras de la Cense dont une ann\u00e9e au Montana (USA)<\/p>\n<p><strong>Ray HUNT<\/strong><br \/>\nStage d\u00e9bourrage<\/p>\n<p><strong>ANH Ken FAULKNER<\/strong><br \/>\nStage ANH Australian Natural Horsemanship<\/p>\n<p>&nbsp;<\/p>\n<div style=\"background-color: #f3f8fa;\"><a href=\"http:\/\/muriel-horrein.fr\/wp-content\/uploads\/2018\/05\/horse-coaching-noyer-bocage.mp4\"><strong><img loading=\"lazy\" decoding=\"async\" class=\"size-medium wp-image-119 alignleft\" src=\"http:\/\/muriel-horrein.fr\/wp-content\/uploads\/2018\/05\/Calque5-300x225.png\" alt=\"\" width=\"300\" height=\"225\" srcset=\"https:\/\/muriel-horrein.fr\/wp-content\/uploads\/2018\/05\/Calque5-300x225.png 300w, https:\/\/muriel-horrein.fr\/wp-content\/uploads\/2018\/05\/Calque5.png 512w\" sizes=\"(max-width: 300px) 100vw, 300px\" \/><\/strong><\/a><strong><br \/>\nMuriel Horrein nous parle de la relation Homme-Cheval sur Normandie TV<\/strong><\/p>\n<p>Dirigeant, cadres, managers, encadrants d\u00e9couvrez notre m\u00e9thode \u00c9qui-management pour optimiser vos relations humaines et am\u00e9liorer vos performances.<\/p>\n<p>&nbsp;<\/p>\n<p>&nbsp;<\/p>\n<\/div>\n<h4><span style=\"font-family: 'Open Sans', Helvetica, Arial, sans-serif;\"><img loading=\"lazy\" decoding=\"async\" class=\"size-full wp-image-141 alignleft\" src=\"http:\/\/muriel-horrein.fr\/wp-content\/uploads\/2018\/05\/Circle_Equitation.png\" alt=\"\" width=\"135\" height=\"135\" \/>Equitation \u00e9thologique<\/span><\/h4>\n<p>L\u2019\u00e9thologie est la science du comportement de l\u2019\u00eatre vivant, homme ou animal, \u00e9tudi\u00e9 dans son milieu de vie, qu\u2019il soit naturel ou artificiel.<\/p>\n<p><strong>L\u2019\u00e9quitation consiste \u00e0 \u00e9duquer et \u00ab utiliser \u00bb le cheval dans le respect de Sa nature<br \/>\n<\/strong>Qu\u2019est-ce que respecter Sa nature ? c\u2019est avoir conscience de ses besoins sp\u00e9cifiques et les respecter. L\u2019\u00e9quitation se doit par d\u00e9finition d\u2019\u00eatre \u00e9thologique. Elle l\u2019est h\u00e9las tr\u00e8s peu, moins par mauvaise volont\u00e9 que par ignorance.<\/p>\n<p><img loading=\"lazy\" decoding=\"async\" class=\"size-full wp-image-143 aligncenter\" src=\"http:\/\/muriel-horrein.fr\/wp-content\/uploads\/2018\/05\/ico_cavalier.png\" alt=\"\" width=\"61\" height=\"61\" \/><\/p>\n<p style=\"text-align: center;\"><strong>Cavaliers et professionnels de l\u2019\u00e9quitation, Muriel Horrein vous propose des cours particuliers <\/strong><br \/>\n<strong>et des formules de stages dans vos installations.<\/strong><\/p>\n<p style=\"text-align: center;\"><span style=\"color: #99cc00;\"><a style=\"color: #99cc00;\" href=\"http:\/\/muriel-horrein.fr\/index.php\/contact\/\"><strong style=\"color: #99cc00;\"> CONTACTEZ-NOUS<\/strong><\/a><\/span><\/p>\n<p>&nbsp;<\/p>\n<p style=\"text-align: center;\">\n","protected":false},"excerpt":{"rendered":"<p>Ma v\u00e9ritable passion, la relation Homme-Cheval&#8230; Parcours professionnel Coach &amp; formatrice certifi\u00e9e \u2022 MH consulting \u00c9qui-management \u2022 D\u00e9veloppement personnel Coach \u2022 Horse &amp; Coaching\u00ae Bilan comp\u00e9tences relationnelles Communication professionnelle : \u2022 D\u00e9velopper sa pr\u00e9sence personnelle et prendre conscience de ses atouts \u2022 Renforcer son autorit\u00e9 naturelle et sa confiance en soi \u2022 G\u00e9rer ses \u00e9motions&hellip;<\/p>\n<p><a class=\"more-link\" href=\"https:\/\/muriel-horrein.fr\/index.php\/muriel-horrein\/\" title=\"Continue reading &lsquo;Muriel Horrein&rsquo;\">Continue reading <span class=\"meta-nav\">&rarr;<\/span><\/a><\/p>\n","protected":false},"author":1,"featured_media":0,"parent":0,"menu_order":0,"comment_status":"closed","ping_status":"closed","template":"","meta":{"footnotes":""},"_links":{"self":[{"href":"https:\/\/muriel-horrein.fr\/index.php\/wp-json\/wp\/v2\/pages\/58"}],"collection":[{"href":"https:\/\/muriel-horrein.fr\/index.php\/wp-json\/wp\/v2\/pages"}],"about":[{"href":"https:\/\/muriel-horrein.fr\/index.php\/wp-json\/wp\/v2\/types\/page"}],"author":[{"embeddable":true,"href":"https:\/\/muriel-horrein.fr\/index.php\/wp-json\/wp\/v2\/users\/1"}],"replies":[{"embeddable":true,"href":"https:\/\/muriel-horrein.fr\/index.php\/wp-json\/wp\/v2\/comments?post=58"}],"version-history":[{"count":37,"href":"https:\/\/muriel-horrein.fr\/index.php\/wp-json\/wp\/v2\/pages\/58\/revisions"}],"predecessor-version":[{"id":185,"href":"https:\/\/muriel-horrein.fr\/index.php\/wp-json\/wp\/v2\/pages\/58\/revisions\/185"}],"wp:attachment":[{"href":"https:\/\/muriel-horrein.fr\/index.php\/wp-json\/wp\/v2\/media?parent=58"}],"curies":[{"name":"wp","href":"https:\/\/api.w.org\/{rel}","templated":true}]}}